06?
1
What is the units digit of 239596411?
1
What is the tens digit of 599269075?
7
What is the hundred thousands digit of 2278910688?
9
What is the hundred thousands digit of 174921838?
9
What is the tens digit of 87578820?
2
What is the tens digit of 86264543?
4
What is the ten thousands digit of 59953689?
5
What is the tens digit of 7192503?
0
What is the units digit of 50933274?
4
What is the hundreds digit of 54979589?
5
What is the hundreds digit of 677303484?
4
What is the tens digit of 265274326?
2
What is the thousands digit of 239223374?
3
What is the hundreds digit of 408509249?
2
What is the hundreds digit of 24316665?
6
What is the hundred thousands digit of 33394552?
3
What is the millions digit of 356870335?
6
What is the tens digit of 301626712?
1
What is the thousands digit of 2505285756?
5
What is the hundreds digit of 299162199?
1
What is the ten thousands digit of 557653909?
5
What is the tens digit of 606856656?
5
What is the hundred millions digit of 3751926693?
7
What is the units digit of 37286696?
6
What is the hundred thousands digit of 2220071649?
0
What is the millions digit of 62746445?
2
What is the tens digit of 41264682?
8
What is the ten millions digit of 718196515?
1
What is the billions digit of 3175581689?
3
What is the millions digit of 1480027587?
0
What is the hundreds digit of 8633042599?
5
What is the ten thousands digit of 4200908652?
0
What is the ten thousands digit of 64561798?
6
What is the thousands digit of 46402469?
2
What is the hundreds digit of 2204690103?
1
What is the units digit of 52743259?
9
What is the hundred millions digit of 5758800471?
7
What is the thousands digit of 4806576439?
6
What is the thousands digit of 80695138?
5
What is the tens digit of 382277382?
8
What is the ten thousands digit of 42056813?
5
What is the tens digit of 108699505?
0
What is the ten thousands digit of 1705778115?
7
What is the hundred millions digit of 4579271124?
5
What is the hundred millions digit of 2265671250?
2
What is the hundred thousands digit of 541924?
5
What is the hundreds digit of 186836042?
0
What is the thousands digit of 229506429?
6
What is the millions digit of 6097086420?
7
What is the hundred millions digit of 2773330158?
7
What is the ten thousands digit of 255259109?
5
What is the units digit of 70254922?
2
What is the units digit of 6210489?
9
What is the thousands digit of 1423969254?
9
What is the millions digit of 209772991?
9
What is the hundred millions digit of 819009330?
8
What is the tens digit of 481923220?
2
What is the thousands digit of 16667947?
7
What is the units digit of 3612109706?
6
What is the millions digit of 229654484?
9
What is the hundred thousands digit of 162593546?
5
What is the ten millions digit of 116447423?
1
What is the hundred thousands digit of 103653209?
6
What is the units digit of 3428362588?
8
What is the hundred millions digit of 271479669?
2
What is the hundred millions digit of 732049316?
7
What is the hundred thousands digit of 811776801?
7
What is the tens digit of 669918?
1
What is the hundred thousands digit of 272964232?
9
What is the hundreds digit of 32267066?
0
What is the ten thousands digit of 1105738574?
3
What is the tens digit of 4725841673?
7
What is the millions digit of 35692857?
5
What is the hundred thousands digit of 91010215?
0
What is the ten millions digit of 975369172?
7
What is the ten millions digit of 1853682524?
5
What is the units digit of 502373205?
5
What is the hundreds digit of 1080582526?
5
What is the tens digit of 2294659190?
9
What is the millions digit of 341484025?
1
What is the hundreds digit of 58161055?
0
What is the ten millions digit of 93699039?
9
What is the hundred thousands digit of 101975028?
9
What is the millions digit of 3531925066?
1
What is the ten millions digit of 35926504?
3
What is the hundreds digit of 950597210?
2
What is the units digit of 242641667?
7
What is the ten millions digit of 367833394?
6
What is the thousands digit of 37334248?
4
What is the units digit of 1550135016?
6
What is the tens digit of 72011663?
6
What is the ten millions digit of 241781936?
4
What is the billions digit of 3391041245?
3
What is the ten thousands digit of 2494668620?
6
What is the thousands digit of 94675733?
5
What is the units digit of 2886896636?
6
What is the hundreds digit of 283958778?
7
What is the units digit of 29468970?
0
What is the ten millions digit of 2477415544?
7
What is the thousands digit of 783541153?
1
What is the ten millions digit of 119949250?
1
What is the units digit of 812526022?
2
What is the ten thousands digit of 242972738?
7
What is the units digit of 1763909293?
3
What is the hundred millions digit of 484723378?
4
What is the hundreds digit of 380029106?
1
What is the hundred thousands digit of 137380393?
3
What is the hundred thousands digit of 75766582?
7
What is the hundred thousands digit of 81349560?
3
What is the thousands digit of 171263557?
3
What is the tens digit of 1833280510?
1
What is the hundreds digit of 1127152916?
9
What is the thousands digit of 36782284?
2
What is the units digit of 267592767?
7
What is the millions digit of 9590436367?
0
What is the hundred thousands digit of 193875054?
8
What is the hundred thousands digit of 290006894?
0
What is the hundreds digit of 353307469?
4
What is the millions digit of 139459031?
9
What is the hundreds digit of 277942837?
8
What is the ten thousands digit of 727741523?
4
What is the hundred thousands digit of 65111919?
1
What is the tens digit of 381789597?
9
What is the hundreds digit of 609645003?
0
What is the millions digit of 24945258?
4
What is the ten thousands digit of 40156235?
5
What is the hundreds digit of 2565786?
7
What is the ten thousands digit of 170884889?
8
What is the millions digit of 170812724?
0
What is the tens digit of 324397616?
1
What is the ten thousands digit of 58596626?
9
What is the millions digit of 101912223?
1
What is the hundred thousands digit of 832817475?
8
What is the hundred thousands digit of 87903212?
9
What is the hundred thousands digit of 41493203?
4
What is the ten thousands digit of 36671474?
7
What is the ten millions digit of 1270248026?
7
What is the thousands digit of 593181723?
1
What is the ten millions digit of 1593281884?
9
What is the millions digit of 87077126?
7
What is the hundred millions digit of 405672908?
4
What is the units digit of 74938657?
7
What is the hundred millions digit of 648676023?
6
What is the hundred thousands digit of 2499537533?
5
What is the thousands digit of 1702388398?
8
What is the millions digit of 149781753?
9
What is the ten millions digit of 343800710?
4
What is the hundred millions digit of 143202566?
1
What is the millions digit of 143875790?
3
What is the ten thousands digit of 1509935245?
3
What is the hundreds digit of 3330205021?
0
What is the thousands digit of 149684876?
4
What is the ten millions digit of 66169570?
6
What is the thousands digit of 1919072376?
2
What is the hundred thousands digit of 818838505?
8
What is the hundred millions digit of 520787319?
5
What is the hundred thousands digit of 43146297?
1
What is the millions digit of 3050978804?
0
What is the tens digit of 202705262?
6
What is the tens digit of 2294130096?
9
What is the hundreds digit of 423674172?
1
What is the billions digit of 7608759338?
7
What is the ten millions digit of 87055315?
8
What is the millions digit of 777578172?
7
What is the millions digit of 559930758?
9
What is the millions digit of 1101410?
1
What is the billions digit of 1301544513?
1
What is the millions digit of 7357182044?
7
What is the ten millions digit of 28443940?
2
What is the hundreds digit of 42125800?
8
What is the millions digit of 281374684?
1
What is the ten millions digit of 86741445?
8
What is the thousands digit of 4667017800?
7
What is the ten millions digit of 175187908?
7
What is the ten thousands digit of 334323420?
2
What is the millions digit of 36880565?
6
What is the hundred millions digit of 4680132456?
6
What is the hundreds digit of 2910996185?
1
What is the units digit of 1482872631?
1
What is the thousands digit of 182913645?
3
What is the units digit of 92795307?
7
What is the tens digit of 153036182?
8
What is the hundred